{"id":359,"date":"2025-01-06T14:20:55","date_gmt":"2025-01-06T14:20:55","guid":{"rendered":"https:\/\/eliansfadenzauber.de\/?post_type=product&#038;p=359"},"modified":"2025-11-12T09:17:22","modified_gmt":"2025-11-12T09:17:22","slug":"overall-aus-sweat-oder-walk","status":"publish","type":"product","link":"https:\/\/eliansfadenzauber.de\/?product=overall-aus-sweat-oder-walk","title":{"rendered":"Overall aus Sweat"},"content":{"rendered":"<p>Sweat-Overall mit Jersey gef\u00fcttert\u2764<br \/>\nf\u00fcr die Babys und Kids, ganz nach euren W\u00fcnschen<\/p>\n<p>Preise Sweat:<br \/>\nGr\u00f6\u00dfen 56 bis 68 49\u20ac<br \/>\nGr\u00f6\u00dfen 74 bis 86 55\u20ac<br \/>\nGr\u00f6\u00dfen 92 bis 104 59\u20ac<\/p>\n<p>Die Overalls sind ein toller Allrounder f\u00fcrs ganze Jahr<br \/>\nUnd diese k\u00f6nnt ihr euch bei mir komplett nach euren W\u00fcnschen zusammenstellen.<\/p>\n<p>Die Kapuze erhaltet ihr in der Klassischen runden Form oder mit Zuckers\u00fc\u00dfer Zipfelkapuze. Bei dem Verschluss k\u00f6nnt ihr euch entscheiden zwischen Rei\u00dfverschluss oder sch\u00f6nen Holzkn\u00f6pfen<\/p>\n<p>Die Overalls k\u00f6nnen selbstverst\u00e4ndlich auch aus Walk oder Softshell angefertigt werden, dann \u00e4ndert sich jedoch der Preis.<\/p>\n<p>Die Anz\u00fcge fallen Gro\u00dfz\u00fcgig aus, sodass ihr auch l\u00e4nger was davon habt, die B\u00fcndchen sind ebenfalls etwas L\u00e4nger.<\/p>\n<p>Materialien :<br \/>\nSweat 65% Baumwolle 35% Polyester<br \/>\nJersey 95% Baumwolle \/ 5% Elasthan<\/p>\n<p>PFLEGE: 30 Grad Feinw\u00e4sche<br \/>\nnicht Trocknergeeignet<\/p>\n<p>Ich fertige meine Produkte in liebevoller Handarbeit. Bei Fragen und \u00c4nderungsw\u00fcnschen schreibe mir gerne eine Nachricht.<br \/>\nAlle gefertigten Produkte sind Unikate. Sind keine Lagerware die Fotos dienen nur zur Inspiration. Verkauf ohne Deko.<br \/>\nPersonalisierte Anfertigungen sind vom Umtausch ausgeschlossen.<\/p>\n","protected":false},"excerpt":{"rendered":"<p>Die Overalls sind ein toller Allrounder f\u00fcrs ganze Jahr<br \/>\nUnd diese k\u00f6nnt ihr euch bei mir komplett nach euren W\u00fcnschen zusammenstellen.<\/p>\n","protected":false},"featured_media":363,"template":"","meta":[],"product_brand":[],"product_cat":[21],"product_tag":[],"class_list":{"0":"post-359","1":"product","2":"type-product","3":"status-publish","4":"has-post-thumbnail","6":"product_cat-jacken","7":"product_shipping_class-shipping-jackets","9":"first","10":"instock","11":"shipping-taxable","12":"purchasable","13":"product-type-variable"},"yoast_head":"<!-- This site is optimized with the Yoast SEO plugin v27.4 - https:\/\/yoast.com\/product\/yoast-seo-wordpress\/ -->\n<title>Overall aus Sweat - Elians Fadenzauber<\/title>\n<meta name=\"robots\" content=\"index, follow, max-snippet:-1, max-image-preview:large, max-video-preview:-1\" \/>\n<link rel=\"canonical\" href=\"https:\/\/eliansfadenzauber.de\/?product=overall-aus-sweat-oder-walk\" \/>\n<meta property=\"og:locale\" content=\"de_DE\" \/>\n<meta property=\"og:type\" content=\"article\" \/>\n<meta property=\"og:title\" content=\"Overall aus Sweat - Elians Fadenzauber\" \/>\n<meta property=\"og:description\" content=\"Die Overalls sind ein toller Allrounder f\u00fcrs ganze Jahr Und diese k\u00f6nnt ihr euch bei mir komplett nach euren W\u00fcnschen zusammenstellen.\" \/>\n<meta property=\"og:url\" content=\"https:\/\/eliansfadenzauber.de\/?product=overall-aus-sweat-oder-walk\" \/>\n<meta property=\"og:site_name\" content=\"Elians Fadenzauber\" \/>\n<meta property=\"article:publisher\" content=\"https:\/\/www.facebook.com\/EliansFadenzauber\" \/>\n<meta property=\"article:modified_time\" content=\"2025-11-12T09:17:22+00:00\" \/>\n<meta property=\"og:image\" content=\"https:\/\/eliansfadenzauber.de\/wp-content\/uploads\/2025\/01\/image-9-1024x817.png\" \/>\n\t<meta property=\"og:image:width\" content=\"1024\" \/>\n\t<meta property=\"og:image:height\" content=\"817\" \/>\n\t<meta property=\"og:image:type\" content=\"image\/png\" \/>\n<meta name=\"twitter:card\" content=\"summary_large_image\" \/>\n<meta name=\"twitter:label1\" content=\"Gesch\u00e4tzte Lesezeit\" \/>\n\t<meta name=\"twitter:data1\" content=\"2\u00a0Minuten\" \/>\n<script type=\"application\/ld+json\" class=\"yoast-schema-graph\">{\"@context\":\"https:\\\/\\\/schema.org\",\"@graph\":[{\"@type\":\"WebPage\",\"@id\":\"https:\\\/\\\/eliansfadenzauber.de\\\/?product=overall-aus-sweat-oder-walk\",\"url\":\"https:\\\/\\\/eliansfadenzauber.de\\\/?product=overall-aus-sweat-oder-walk\",\"name\":\"Overall aus Sweat - Elians Fadenzauber\",\"isPartOf\":{\"@id\":\"https:\\\/\\\/eliansfadenzauber.de\\\/#website\"},\"primaryImageOfPage\":{\"@id\":\"https:\\\/\\\/eliansfadenzauber.de\\\/?product=overall-aus-sweat-oder-walk#primaryimage\"},\"image\":{\"@id\":\"https:\\\/\\\/eliansfadenzauber.de\\\/?product=overall-aus-sweat-oder-walk#primaryimage\"},\"thumbnailUrl\":\"https:\\\/\\\/eliansfadenzauber.de\\\/wp-content\\\/uploads\\\/2025\\\/01\\\/image-9.png\",\"datePublished\":\"2025-01-06T14:20:55+00:00\",\"dateModified\":\"2025-11-12T09:17:22+00:00\",\"breadcrumb\":{\"@id\":\"https:\\\/\\\/eliansfadenzauber.de\\\/?product=overall-aus-sweat-oder-walk#breadcrumb\"},\"inLanguage\":\"de\",\"potentialAction\":[{\"@type\":\"ReadAction\",\"target\":[\"https:\\\/\\\/eliansfadenzauber.de\\\/?product=overall-aus-sweat-oder-walk\"]}]},{\"@type\":\"ImageObject\",\"inLanguage\":\"de\",\"@id\":\"https:\\\/\\\/eliansfadenzauber.de\\\/?product=overall-aus-sweat-oder-walk#primaryimage\",\"url\":\"https:\\\/\\\/eliansfadenzauber.de\\\/wp-content\\\/uploads\\\/2025\\\/01\\\/image-9.png\",\"contentUrl\":\"https:\\\/\\\/eliansfadenzauber.de\\\/wp-content\\\/uploads\\\/2025\\\/01\\\/image-9.png\",\"width\":1600,\"height\":1277},{\"@type\":\"BreadcrumbList\",\"@id\":\"https:\\\/\\\/eliansfadenzauber.de\\\/?product=overall-aus-sweat-oder-walk#breadcrumb\",\"itemListElement\":[{\"@type\":\"ListItem\",\"position\":1,\"name\":\"Startseite\",\"item\":\"https:\\\/\\\/eliansfadenzauber.de\\\/\"},{\"@type\":\"ListItem\",\"position\":2,\"name\":\"Produkte\",\"item\":\"https:\\\/\\\/eliansfadenzauber.de\\\/?page_id=7\"},{\"@type\":\"ListItem\",\"position\":3,\"name\":\"Overall aus Sweat\"}]},{\"@type\":\"WebSite\",\"@id\":\"https:\\\/\\\/eliansfadenzauber.de\\\/#website\",\"url\":\"https:\\\/\\\/eliansfadenzauber.de\\\/\",\"name\":\"Elians Fadenzauber\",\"description\":\"Handgefertigte Unikate und personalisierte Produkte. Individuell gestaltete Toniebox-Taschen, Rucks&auml;cke, Kleidung &amp; mehr. Perfekt f&uuml;r Gro&szlig; und Klein!\",\"publisher\":{\"@id\":\"https:\\\/\\\/eliansfadenzauber.de\\\/#organization\"},\"potentialAction\":[{\"@type\":\"SearchAction\",\"target\":{\"@type\":\"EntryPoint\",\"urlTemplate\":\"https:\\\/\\\/eliansfadenzauber.de\\\/?s={search_term_string}\"},\"query-input\":{\"@type\":\"PropertyValueSpecification\",\"valueRequired\":true,\"valueName\":\"search_term_string\"}}],\"inLanguage\":\"de\"},{\"@type\":\"Organization\",\"@id\":\"https:\\\/\\\/eliansfadenzauber.de\\\/#organization\",\"name\":\"Elians Fadenzauber\",\"url\":\"https:\\\/\\\/eliansfadenzauber.de\\\/\",\"logo\":{\"@type\":\"ImageObject\",\"inLanguage\":\"de\",\"@id\":\"https:\\\/\\\/eliansfadenzauber.de\\\/#\\\/schema\\\/logo\\\/image\\\/\",\"url\":\"https:\\\/\\\/eliansfadenzauber.de\\\/wp-content\\\/uploads\\\/2025\\\/01\\\/EliansfadenzauberLogo-1.png\",\"contentUrl\":\"https:\\\/\\\/eliansfadenzauber.de\\\/wp-content\\\/uploads\\\/2025\\\/01\\\/EliansfadenzauberLogo-1.png\",\"width\":799,\"height\":780,\"caption\":\"Elians Fadenzauber\"},\"image\":{\"@id\":\"https:\\\/\\\/eliansfadenzauber.de\\\/#\\\/schema\\\/logo\\\/image\\\/\"},\"sameAs\":[\"https:\\\/\\\/www.facebook.com\\\/EliansFadenzauber\",\"https:\\\/\\\/www.instagram.com\\\/eliansfadenzauber\\\/\"]}]}<\/script>\n<!-- \/ Yoast SEO plugin. -->","yoast_head_json":{"title":"Overall aus Sweat - Elians Fadenzauber","robots":{"index":"index","follow":"follow","max-snippet":"max-snippet:-1","max-image-preview":"max-image-preview:large","max-video-preview":"max-video-preview:-1"},"canonical":"https:\/\/eliansfadenzauber.de\/?product=overall-aus-sweat-oder-walk","og_locale":"de_DE","og_type":"article","og_title":"Overall aus Sweat - Elians Fadenzauber","og_description":"Die Overalls sind ein toller Allrounder f\u00fcrs ganze Jahr Und diese k\u00f6nnt ihr euch bei mir komplett nach euren W\u00fcnschen zusammenstellen.","og_url":"https:\/\/eliansfadenzauber.de\/?product=overall-aus-sweat-oder-walk","og_site_name":"Elians Fadenzauber","article_publisher":"https:\/\/www.facebook.com\/EliansFadenzauber","article_modified_time":"2025-11-12T09:17:22+00:00","og_image":[{"width":1024,"height":817,"url":"https:\/\/eliansfadenzauber.de\/wp-content\/uploads\/2025\/01\/image-9-1024x817.png","type":"image\/png"}],"twitter_card":"summary_large_image","twitter_misc":{"Gesch\u00e4tzte Lesezeit":"2\u00a0Minuten"},"schema":{"@context":"https:\/\/schema.org","@graph":[{"@type":"WebPage","@id":"https:\/\/eliansfadenzauber.de\/?product=overall-aus-sweat-oder-walk","url":"https:\/\/eliansfadenzauber.de\/?product=overall-aus-sweat-oder-walk","name":"Overall aus Sweat - Elians Fadenzauber","isPartOf":{"@id":"https:\/\/eliansfadenzauber.de\/#website"},"primaryImageOfPage":{"@id":"https:\/\/eliansfadenzauber.de\/?product=overall-aus-sweat-oder-walk#primaryimage"},"image":{"@id":"https:\/\/eliansfadenzauber.de\/?product=overall-aus-sweat-oder-walk#primaryimage"},"thumbnailUrl":"https:\/\/eliansfadenzauber.de\/wp-content\/uploads\/2025\/01\/image-9.png","datePublished":"2025-01-06T14:20:55+00:00","dateModified":"2025-11-12T09:17:22+00:00","breadcrumb":{"@id":"https:\/\/eliansfadenzauber.de\/?product=overall-aus-sweat-oder-walk#breadcrumb"},"inLanguage":"de","potentialAction":[{"@type":"ReadAction","target":["https:\/\/eliansfadenzauber.de\/?product=overall-aus-sweat-oder-walk"]}]},{"@type":"ImageObject","inLanguage":"de","@id":"https:\/\/eliansfadenzauber.de\/?product=overall-aus-sweat-oder-walk#primaryimage","url":"https:\/\/eliansfadenzauber.de\/wp-content\/uploads\/2025\/01\/image-9.png","contentUrl":"https:\/\/eliansfadenzauber.de\/wp-content\/uploads\/2025\/01\/image-9.png","width":1600,"height":1277},{"@type":"BreadcrumbList","@id":"https:\/\/eliansfadenzauber.de\/?product=overall-aus-sweat-oder-walk#breadcrumb","itemListElement":[{"@type":"ListItem","position":1,"name":"Startseite","item":"https:\/\/eliansfadenzauber.de\/"},{"@type":"ListItem","position":2,"name":"Produkte","item":"https:\/\/eliansfadenzauber.de\/?page_id=7"},{"@type":"ListItem","position":3,"name":"Overall aus Sweat"}]},{"@type":"WebSite","@id":"https:\/\/eliansfadenzauber.de\/#website","url":"https:\/\/eliansfadenzauber.de\/","name":"Elians Fadenzauber","description":"Handgefertigte Unikate und personalisierte Produkte. Individuell gestaltete Toniebox-Taschen, Rucks&auml;cke, Kleidung &amp; mehr. Perfekt f&uuml;r Gro&szlig; und Klein!","publisher":{"@id":"https:\/\/eliansfadenzauber.de\/#organization"},"potentialAction":[{"@type":"SearchAction","target":{"@type":"EntryPoint","urlTemplate":"https:\/\/eliansfadenzauber.de\/?s={search_term_string}"},"query-input":{"@type":"PropertyValueSpecification","valueRequired":true,"valueName":"search_term_string"}}],"inLanguage":"de"},{"@type":"Organization","@id":"https:\/\/eliansfadenzauber.de\/#organization","name":"Elians Fadenzauber","url":"https:\/\/eliansfadenzauber.de\/","logo":{"@type":"ImageObject","inLanguage":"de","@id":"https:\/\/eliansfadenzauber.de\/#\/schema\/logo\/image\/","url":"https:\/\/eliansfadenzauber.de\/wp-content\/uploads\/2025\/01\/EliansfadenzauberLogo-1.png","contentUrl":"https:\/\/eliansfadenzauber.de\/wp-content\/uploads\/2025\/01\/EliansfadenzauberLogo-1.png","width":799,"height":780,"caption":"Elians Fadenzauber"},"image":{"@id":"https:\/\/eliansfadenzauber.de\/#\/schema\/logo\/image\/"},"sameAs":["https:\/\/www.facebook.com\/EliansFadenzauber","https:\/\/www.instagram.com\/eliansfadenzauber\/"]}]}},"_links":{"self":[{"href":"https:\/\/eliansfadenzauber.de\/index.php?rest_route=\/wp\/v2\/product\/359","targetHints":{"allow":["GET"]}}],"collection":[{"href":"https:\/\/eliansfadenzauber.de\/index.php?rest_route=\/wp\/v2\/product"}],"about":[{"href":"https:\/\/eliansfadenzauber.de\/index.php?rest_route=\/wp\/v2\/types\/product"}],"wp:featuredmedia":[{"embeddable":true,"href":"https:\/\/eliansfadenzauber.de\/index.php?rest_route=\/wp\/v2\/media\/363"}],"wp:attachment":[{"href":"https:\/\/eliansfadenzauber.de\/index.php?rest_route=%2Fwp%2Fv2%2Fmedia&parent=359"}],"wp:term":[{"taxonomy":"product_brand","embeddable":true,"href":"https:\/\/eliansfadenzauber.de\/index.php?rest_route=%2Fwp%2Fv2%2Fproduct_brand&post=359"},{"taxonomy":"product_cat","embeddable":true,"href":"https:\/\/eliansfadenzauber.de\/index.php?rest_route=%2Fwp%2Fv2%2Fproduct_cat&post=359"},{"taxonomy":"product_tag","embeddable":true,"href":"https:\/\/eliansfadenzauber.de\/index.php?rest_route=%2Fwp%2Fv2%2Fproduct_tag&post=359"}],"curies":[{"name":"wp","href":"https:\/\/api.w.org\/{rel}","templated":true}]}}