{"id":508,"date":"2025-10-14T08:38:34","date_gmt":"2025-10-14T08:38:34","guid":{"rendered":"https:\/\/eliansfadenzauber.de\/?post_type=product&#038;p=508"},"modified":"2025-11-29T14:33:29","modified_gmt":"2025-11-29T14:33:29","slug":"walk-overall-fuer-kinder-56-128","status":"publish","type":"product","link":"https:\/\/eliansfadenzauber.de\/?product=walk-overall-fuer-kinder-56-128","title":{"rendered":"Walk-Overall f\u00fcr Kinder 56\u2013128"},"content":{"rendered":"<p>Perfekt f\u00fcr Herbst &amp; Winter \u2013 unsere Walk-Overalls halten Kinder warm, bequem und sind praktisch<\/p>\n<p>\u2705 Komplett gef\u00fcttert<br \/>\n\u2705 Rei\u00dfverschluss w\u00e4hlbar: gerade bis in den Schritt oder schr\u00e4g bis ins Bein<br \/>\n\u2705 Optional bestickbar (+5 \u20ac) \u2013 Name oder Motiv<br \/>\n\u2705 Farben &amp; Gr\u00f6\u00dfen: 56\/62 bis 128 (0\u20138 Jahre)<br \/>\n\u2705 Pflegeleicht &amp; langlebig<br \/>\n\u2705 Passende M\u00fctze inbegriffen<\/p>\n<table border=\"1\" cellspacing=\"0\" cellpadding=\"8\">\n<thead>\n<tr>\n<th>Gr\u00f6\u00dfe<\/th>\n<th>Preis (\u20ac)<\/th>\n<\/tr>\n<\/thead>\n<tbody>\n<tr>\n<td>56\/62<\/td>\n<td>66<\/td>\n<\/tr>\n<tr>\n<td>68\/74<\/td>\n<td>72<\/td>\n<\/tr>\n<tr>\n<td>80\/86<\/td>\n<td>84<\/td>\n<\/tr>\n<tr>\n<td>92\/98<\/td>\n<td>93<\/td>\n<\/tr>\n<tr>\n<td>104<\/td>\n<td>104<\/td>\n<\/tr>\n<tr>\n<td>110<\/td>\n<td>110<\/td>\n<\/tr>\n<tr>\n<td>116<\/td>\n<td>115<\/td>\n<\/tr>\n<tr>\n<td>122<\/td>\n<td>121<\/td>\n<\/tr>\n<tr>\n<td>128<\/td>\n<td>127<\/td>\n<\/tr>\n<\/tbody>\n<\/table>\n<p>Material:<br \/>\nAu\u00dfen: Reine Wolle (Walk)<br \/>\nInnen: Jersey 95% Baumwolle \/ 5% Elasthan<\/p>\n<p>Ich fertige meine Produkte in liebevoller Handarbeit. Bei Fragen und \u00c4nderungsw\u00fcnschen schreibe mir gerne eine Nachricht.<br \/>\nAlle gefertigten Produkte sind Unikate. Sind keine Lagerware die Fotos dienen nur zur Inspiration. Verkauf ohne Deko (Puschen).<br \/>\nPersonalisierte Anfertigungen sind vom Umtausch ausgeschlossen.<\/p>\n","protected":false},"excerpt":{"rendered":"<p>Die Overalls sind ein toller Allrounder f\u00fcrs ganze Jahr<br \/>\nUnd diese k\u00f6nnt ihr euch bei mir komplett nach euren W\u00fcnschen zusammenstellen.<\/p>\n","protected":false},"featured_media":648,"template":"","meta":[],"product_brand":[],"product_cat":[21],"product_tag":[],"class_list":{"0":"post-508","1":"product","2":"type-product","3":"status-publish","4":"has-post-thumbnail","6":"product_cat-jacken","7":"product_shipping_class-shipping-jackets","9":"first","10":"instock","11":"shipping-taxable","12":"purchasable","13":"product-type-variable"},"yoast_head":"<!-- This site is optimized with the Yoast SEO plugin v27.4 - https:\/\/yoast.com\/product\/yoast-seo-wordpress\/ -->\n<title>Walk-Overall f\u00fcr Kinder 56\u2013128 - Elians Fadenzauber<\/title>\n<meta name=\"robots\" content=\"index, follow, max-snippet:-1, max-image-preview:large, max-video-preview:-1\" \/>\n<link rel=\"canonical\" href=\"https:\/\/eliansfadenzauber.de\/?product=walk-overall-fuer-kinder-56-128\" \/>\n<meta property=\"og:locale\" content=\"de_DE\" \/>\n<meta property=\"og:type\" content=\"article\" \/>\n<meta property=\"og:title\" content=\"Walk-Overall f\u00fcr Kinder 56\u2013128 - Elians Fadenzauber\" \/>\n<meta property=\"og:description\" content=\"Die Overalls sind ein toller Allrounder f\u00fcrs ganze Jahr Und diese k\u00f6nnt ihr euch bei mir komplett nach euren W\u00fcnschen zusammenstellen.\" \/>\n<meta property=\"og:url\" content=\"https:\/\/eliansfadenzauber.de\/?product=walk-overall-fuer-kinder-56-128\" \/>\n<meta property=\"og:site_name\" content=\"Elians Fadenzauber\" \/>\n<meta property=\"article:publisher\" content=\"https:\/\/www.facebook.com\/EliansFadenzauber\" \/>\n<meta property=\"article:modified_time\" content=\"2025-11-29T14:33:29+00:00\" \/>\n<meta property=\"og:image\" content=\"https:\/\/eliansfadenzauber.de\/wp-content\/uploads\/2025\/10\/img_004-1.jpg\" \/>\n\t<meta property=\"og:image:width\" content=\"720\" \/>\n\t<meta property=\"og:image:height\" content=\"960\" \/>\n\t<meta property=\"og:image:type\" content=\"image\/jpeg\" \/>\n<meta name=\"twitter:card\" content=\"summary_large_image\" \/>\n<meta name=\"twitter:label1\" content=\"Gesch\u00e4tzte Lesezeit\" \/>\n\t<meta name=\"twitter:data1\" content=\"1\u00a0Minute\" \/>\n<script type=\"application\/ld+json\" class=\"yoast-schema-graph\">{\"@context\":\"https:\\\/\\\/schema.org\",\"@graph\":[{\"@type\":\"WebPage\",\"@id\":\"https:\\\/\\\/eliansfadenzauber.de\\\/?product=walk-overall-fuer-kinder-56-128\",\"url\":\"https:\\\/\\\/eliansfadenzauber.de\\\/?product=walk-overall-fuer-kinder-56-128\",\"name\":\"Walk-Overall f\u00fcr Kinder 56\u2013128 - Elians Fadenzauber\",\"isPartOf\":{\"@id\":\"https:\\\/\\\/eliansfadenzauber.de\\\/#website\"},\"primaryImageOfPage\":{\"@id\":\"https:\\\/\\\/eliansfadenzauber.de\\\/?product=walk-overall-fuer-kinder-56-128#primaryimage\"},\"image\":{\"@id\":\"https:\\\/\\\/eliansfadenzauber.de\\\/?product=walk-overall-fuer-kinder-56-128#primaryimage\"},\"thumbnailUrl\":\"https:\\\/\\\/eliansfadenzauber.de\\\/wp-content\\\/uploads\\\/2025\\\/10\\\/img_004-1.jpg\",\"datePublished\":\"2025-10-14T08:38:34+00:00\",\"dateModified\":\"2025-11-29T14:33:29+00:00\",\"breadcrumb\":{\"@id\":\"https:\\\/\\\/eliansfadenzauber.de\\\/?product=walk-overall-fuer-kinder-56-128#breadcrumb\"},\"inLanguage\":\"de\",\"potentialAction\":[{\"@type\":\"ReadAction\",\"target\":[\"https:\\\/\\\/eliansfadenzauber.de\\\/?product=walk-overall-fuer-kinder-56-128\"]}]},{\"@type\":\"ImageObject\",\"inLanguage\":\"de\",\"@id\":\"https:\\\/\\\/eliansfadenzauber.de\\\/?product=walk-overall-fuer-kinder-56-128#primaryimage\",\"url\":\"https:\\\/\\\/eliansfadenzauber.de\\\/wp-content\\\/uploads\\\/2025\\\/10\\\/img_004-1.jpg\",\"contentUrl\":\"https:\\\/\\\/eliansfadenzauber.de\\\/wp-content\\\/uploads\\\/2025\\\/10\\\/img_004-1.jpg\",\"width\":720,\"height\":960},{\"@type\":\"BreadcrumbList\",\"@id\":\"https:\\\/\\\/eliansfadenzauber.de\\\/?product=walk-overall-fuer-kinder-56-128#breadcrumb\",\"itemListElement\":[{\"@type\":\"ListItem\",\"position\":1,\"name\":\"Startseite\",\"item\":\"https:\\\/\\\/eliansfadenzauber.de\\\/\"},{\"@type\":\"ListItem\",\"position\":2,\"name\":\"Produkte\",\"item\":\"https:\\\/\\\/eliansfadenzauber.de\\\/?page_id=7\"},{\"@type\":\"ListItem\",\"position\":3,\"name\":\"Walk-Overall f\u00fcr Kinder 56\u2013128\"}]},{\"@type\":\"WebSite\",\"@id\":\"https:\\\/\\\/eliansfadenzauber.de\\\/#website\",\"url\":\"https:\\\/\\\/eliansfadenzauber.de\\\/\",\"name\":\"Elians Fadenzauber\",\"description\":\"Handgefertigte Unikate und personalisierte Produkte. Individuell gestaltete Toniebox-Taschen, Rucks&auml;cke, Kleidung &amp; mehr. Perfekt f&uuml;r Gro&szlig; und Klein!\",\"publisher\":{\"@id\":\"https:\\\/\\\/eliansfadenzauber.de\\\/#organization\"},\"potentialAction\":[{\"@type\":\"SearchAction\",\"target\":{\"@type\":\"EntryPoint\",\"urlTemplate\":\"https:\\\/\\\/eliansfadenzauber.de\\\/?s={search_term_string}\"},\"query-input\":{\"@type\":\"PropertyValueSpecification\",\"valueRequired\":true,\"valueName\":\"search_term_string\"}}],\"inLanguage\":\"de\"},{\"@type\":\"Organization\",\"@id\":\"https:\\\/\\\/eliansfadenzauber.de\\\/#organization\",\"name\":\"Elians Fadenzauber\",\"url\":\"https:\\\/\\\/eliansfadenzauber.de\\\/\",\"logo\":{\"@type\":\"ImageObject\",\"inLanguage\":\"de\",\"@id\":\"https:\\\/\\\/eliansfadenzauber.de\\\/#\\\/schema\\\/logo\\\/image\\\/\",\"url\":\"https:\\\/\\\/eliansfadenzauber.de\\\/wp-content\\\/uploads\\\/2025\\\/01\\\/EliansfadenzauberLogo-1.png\",\"contentUrl\":\"https:\\\/\\\/eliansfadenzauber.de\\\/wp-content\\\/uploads\\\/2025\\\/01\\\/EliansfadenzauberLogo-1.png\",\"width\":799,\"height\":780,\"caption\":\"Elians Fadenzauber\"},\"image\":{\"@id\":\"https:\\\/\\\/eliansfadenzauber.de\\\/#\\\/schema\\\/logo\\\/image\\\/\"},\"sameAs\":[\"https:\\\/\\\/www.facebook.com\\\/EliansFadenzauber\",\"https:\\\/\\\/www.instagram.com\\\/eliansfadenzauber\\\/\"]}]}<\/script>\n<!-- \/ Yoast SEO plugin. -->","yoast_head_json":{"title":"Walk-Overall f\u00fcr Kinder 56\u2013128 - Elians Fadenzauber","robots":{"index":"index","follow":"follow","max-snippet":"max-snippet:-1","max-image-preview":"max-image-preview:large","max-video-preview":"max-video-preview:-1"},"canonical":"https:\/\/eliansfadenzauber.de\/?product=walk-overall-fuer-kinder-56-128","og_locale":"de_DE","og_type":"article","og_title":"Walk-Overall f\u00fcr Kinder 56\u2013128 - Elians Fadenzauber","og_description":"Die Overalls sind ein toller Allrounder f\u00fcrs ganze Jahr Und diese k\u00f6nnt ihr euch bei mir komplett nach euren W\u00fcnschen zusammenstellen.","og_url":"https:\/\/eliansfadenzauber.de\/?product=walk-overall-fuer-kinder-56-128","og_site_name":"Elians Fadenzauber","article_publisher":"https:\/\/www.facebook.com\/EliansFadenzauber","article_modified_time":"2025-11-29T14:33:29+00:00","og_image":[{"width":720,"height":960,"url":"https:\/\/eliansfadenzauber.de\/wp-content\/uploads\/2025\/10\/img_004-1.jpg","type":"image\/jpeg"}],"twitter_card":"summary_large_image","twitter_misc":{"Gesch\u00e4tzte Lesezeit":"1\u00a0Minute"},"schema":{"@context":"https:\/\/schema.org","@graph":[{"@type":"WebPage","@id":"https:\/\/eliansfadenzauber.de\/?product=walk-overall-fuer-kinder-56-128","url":"https:\/\/eliansfadenzauber.de\/?product=walk-overall-fuer-kinder-56-128","name":"Walk-Overall f\u00fcr Kinder 56\u2013128 - Elians Fadenzauber","isPartOf":{"@id":"https:\/\/eliansfadenzauber.de\/#website"},"primaryImageOfPage":{"@id":"https:\/\/eliansfadenzauber.de\/?product=walk-overall-fuer-kinder-56-128#primaryimage"},"image":{"@id":"https:\/\/eliansfadenzauber.de\/?product=walk-overall-fuer-kinder-56-128#primaryimage"},"thumbnailUrl":"https:\/\/eliansfadenzauber.de\/wp-content\/uploads\/2025\/10\/img_004-1.jpg","datePublished":"2025-10-14T08:38:34+00:00","dateModified":"2025-11-29T14:33:29+00:00","breadcrumb":{"@id":"https:\/\/eliansfadenzauber.de\/?product=walk-overall-fuer-kinder-56-128#breadcrumb"},"inLanguage":"de","potentialAction":[{"@type":"ReadAction","target":["https:\/\/eliansfadenzauber.de\/?product=walk-overall-fuer-kinder-56-128"]}]},{"@type":"ImageObject","inLanguage":"de","@id":"https:\/\/eliansfadenzauber.de\/?product=walk-overall-fuer-kinder-56-128#primaryimage","url":"https:\/\/eliansfadenzauber.de\/wp-content\/uploads\/2025\/10\/img_004-1.jpg","contentUrl":"https:\/\/eliansfadenzauber.de\/wp-content\/uploads\/2025\/10\/img_004-1.jpg","width":720,"height":960},{"@type":"BreadcrumbList","@id":"https:\/\/eliansfadenzauber.de\/?product=walk-overall-fuer-kinder-56-128#breadcrumb","itemListElement":[{"@type":"ListItem","position":1,"name":"Startseite","item":"https:\/\/eliansfadenzauber.de\/"},{"@type":"ListItem","position":2,"name":"Produkte","item":"https:\/\/eliansfadenzauber.de\/?page_id=7"},{"@type":"ListItem","position":3,"name":"Walk-Overall f\u00fcr Kinder 56\u2013128"}]},{"@type":"WebSite","@id":"https:\/\/eliansfadenzauber.de\/#website","url":"https:\/\/eliansfadenzauber.de\/","name":"Elians Fadenzauber","description":"Handgefertigte Unikate und personalisierte Produkte. Individuell gestaltete Toniebox-Taschen, Rucks&auml;cke, Kleidung &amp; mehr. Perfekt f&uuml;r Gro&szlig; und Klein!","publisher":{"@id":"https:\/\/eliansfadenzauber.de\/#organization"},"potentialAction":[{"@type":"SearchAction","target":{"@type":"EntryPoint","urlTemplate":"https:\/\/eliansfadenzauber.de\/?s={search_term_string}"},"query-input":{"@type":"PropertyValueSpecification","valueRequired":true,"valueName":"search_term_string"}}],"inLanguage":"de"},{"@type":"Organization","@id":"https:\/\/eliansfadenzauber.de\/#organization","name":"Elians Fadenzauber","url":"https:\/\/eliansfadenzauber.de\/","logo":{"@type":"ImageObject","inLanguage":"de","@id":"https:\/\/eliansfadenzauber.de\/#\/schema\/logo\/image\/","url":"https:\/\/eliansfadenzauber.de\/wp-content\/uploads\/2025\/01\/EliansfadenzauberLogo-1.png","contentUrl":"https:\/\/eliansfadenzauber.de\/wp-content\/uploads\/2025\/01\/EliansfadenzauberLogo-1.png","width":799,"height":780,"caption":"Elians Fadenzauber"},"image":{"@id":"https:\/\/eliansfadenzauber.de\/#\/schema\/logo\/image\/"},"sameAs":["https:\/\/www.facebook.com\/EliansFadenzauber","https:\/\/www.instagram.com\/eliansfadenzauber\/"]}]}},"_links":{"self":[{"href":"https:\/\/eliansfadenzauber.de\/index.php?rest_route=\/wp\/v2\/product\/508","targetHints":{"allow":["GET"]}}],"collection":[{"href":"https:\/\/eliansfadenzauber.de\/index.php?rest_route=\/wp\/v2\/product"}],"about":[{"href":"https:\/\/eliansfadenzauber.de\/index.php?rest_route=\/wp\/v2\/types\/product"}],"wp:featuredmedia":[{"embeddable":true,"href":"https:\/\/eliansfadenzauber.de\/index.php?rest_route=\/wp\/v2\/media\/648"}],"wp:attachment":[{"href":"https:\/\/eliansfadenzauber.de\/index.php?rest_route=%2Fwp%2Fv2%2Fmedia&parent=508"}],"wp:term":[{"taxonomy":"product_brand","embeddable":true,"href":"https:\/\/eliansfadenzauber.de\/index.php?rest_route=%2Fwp%2Fv2%2Fproduct_brand&post=508"},{"taxonomy":"product_cat","embeddable":true,"href":"https:\/\/eliansfadenzauber.de\/index.php?rest_route=%2Fwp%2Fv2%2Fproduct_cat&post=508"},{"taxonomy":"product_tag","embeddable":true,"href":"https:\/\/eliansfadenzauber.de\/index.php?rest_route=%2Fwp%2Fv2%2Fproduct_tag&post=508"}],"curies":[{"name":"wp","href":"https:\/\/api.w.org\/{rel}","templated":true}]}}